d y?
10
Let n(l) = 9*l - 7. Let p be n(5). Suppose 3*r = -q + 5 - 0, -5*q - 4*r = -14. Let i be -6*3/(-9) + (95 - q). What is the greatest common divisor of p and i?
19
Let j(a) = -4*a + 0 + 0*a - 10 - 2*a. Suppose 2*u + 7*u + 63 = 0. Let f be j(u). Calculate the highest common divisor of f and 48.
16
Suppose 20*h = -1826 + 4466. What is the greatest common divisor of h and 22?
22
Let r be 15 + 2 + (-12 - -19). Let a(n) = 61*n - 1. Let x be a(1). What is the greatest common divisor of r and x?
12
Let z be 668/16 - (-24)/96. Calculate the highest common factor of z and 966.
42
Let z(j) = -31*j + 6. Let y be z(-6). Suppose 3*f - y = 24. Let o = f + -42. What is the greatest common divisor of 20 and o?
10
Let f be (-1 + 29)/(3/(96/8)). What is the greatest common factor of f and 32?
16
Let x be (8/(-10))/(92/20 - 5). Suppose x*h - 13 - 31 = 0. What is the greatest common factor of h and 55?
11
Let o = 170 + -116. Let v = o - 49. What is the highest common divisor of v and 45?
5
Let l be (1 + (-1)/(-2))*20/(-15). Let f be (l/(-3))/(-2*6/(-432)). Calculate the greatest common factor of f and 108.
12
Suppose 0 = 33*s - 846 - 177. What is the highest common divisor of s and 930?
31
Let p = 537 + -498. What is the greatest common divisor of p and 143?
13
Let t be 21/7 + (-12 - 0). Let q = 33 - t. Calculate the greatest common factor of q and 14.
14
Let a = -11 + 66. Suppose -15 = -5*q + a. What is the highest common divisor of 70 and q?
14
Let y = 4 - -9. Let g be 12/(6/(-2)) + 69. What is the highest common factor of y and g?
13
Suppose 8*c - 3*c + 87 = -4*j, -2*j + 4*c = 76. Let u = -14 - j. Suppose 0 = 5*b + u - 84. Calculate the highest common factor of 70 and b.
14
Let h(j) = -3*j - 13. Let a be h(-5). Let q be 26/a + 8/(-2). Suppose -19 - 17 = -4*x. Calculate the greatest common factor of q and x.
9
Suppose 4*o + o = 0. Suppose 108 = 3*j - o*j. Calculate the greatest common factor of j and 90.
18
Suppose 3*p - 170 - 145 = -5*c, -5*c = 5*p - 515. Calculate the greatest common divisor of p and 4.
4
Let o be (-8 - -7) + (27 - 2). Let s(k) = 8*k - 4. Suppose -4*t + 0*t + 32 = 0. Let r be s(t). Calculate the greatest common divisor of r and o.
12
Let j(b) = -5*b + 92. Let w be j(13). What is the greatest common factor of 18 and w?
9
Suppose 0 = -3*b + 3*x - 33, -3*b = -b + x + 22. Let g be (b - 1)/(9/(-54)). What is the greatest common factor of 9 and g?
9
Suppose 2*s + 5*u = 21, -4*s - 2*u - 18 = -4*u. Let k be 124/9 - -2*s/(-18). What is the highest common divisor of k and 28?
14
Let d = 98 - 23. Suppose -94*p - d = -97*p. What is the greatest common factor of 1 and p?
1
Suppose 1 - 7 = -q. Let f(l) = -2*l - 3*l + 1 + q*l. Let b be f(4). Calculate the highest common divisor of 40 and b.
5
Suppose v = -5*s + 100, -s - 430 = -4*v - 6*s. Let w = 34 - -10. What is the greatest common factor of v and w?
22
Let g = -64 + 61. Let h be 0 - g - (-6 - -3). Let d = 19 - 4. Calculate the greatest common divisor of d and h.
3
Let c(y) = -10*y - 65. Let d be c(-7). Suppose d*w = 10*w - 40. Calculate the highest common factor of w and 32.
8
Suppose 184 = 2*w - 0*w. Suppose k = d + 23, -2*d = 4*k + 6 - w. What is the greatest common divisor of 110 and k?
22
Let v(q) = 5*q**2 - 8*q + 13. Let f be v(2). Suppose 0 = -3*d + 6*d - 828. Let c = -140 + d. Calculate the highest common factor of f and c.
17
Let x be 20/(-2)*(28/70 + 203/(-35)). Suppose -5*k + 5*l = -685, 336 + 59 = 3*k + 5*l. What is the highest common divisor of k and x?
27
Suppose -3*v - 90 - 58 = -4*w, 4*w = -4*v + 148. Calculate the highest common divisor of 259 and w.
37
Suppose -4*f - 2*c = -38, 4*c = -5*f + 2*c + 45. Let m be (-3)/7 + 122/f. Let p = 21 - m. Calculate the highest common divisor of 4 and p.
4
Suppose 78 - 54 = 3*t. Suppose -3*g + 42 = -330. Suppose i - r - g = -2*i, -164 = -4*i + r. Calculate the highest common factor of t and i.
8
Let s(y) = 8*y + 94. Let b be s(0). Calculate the highest common factor of b and 752.
94
Let k(a) = 9 - 4 - 7*a - 6 - 6. Let g be k(-7). What is the highest common divisor of 56 and g?
14
Let q = 349 - 287. What is the greatest common factor of q and 124?
62
Let b = 1044 - 890. Calculate the highest common factor of 330 and b.
22
Let p be 222 + 1 - (13 - -3 - 9). What is the highest common divisor of p and 12?
12
Let p = 7 - 7. Let b be (-5 + 20)/(1 - p). Let i be 0 + 8 + (-8 - -6). What is the highest common factor of b and i?
3
Let i = -1 - -2. Let h(b) = 3*b**2 + 2*b + 1. Let r be h(-1). Suppose -15 = -r*o + 5. Calculate the greatest common factor of o and i.
1
Let b = -200 - -224. Calculate the highest common factor of 648 and b.
24
Suppose 31*h + 43 = 2988. What is the highest common factor of h and 20?
5
Suppose l = -2*g - 4, 0 = -3*l + 2*l - g + 1. Suppose 4*q = i - l, 5*q + 44 = 5*i - 46. Let w = 251 + -141. What is the greatest common divisor of w and i?
22
Suppose 12*j = 158 + 58. Let r be (1 - 1) + 0 + 6. What is the highest common divisor of r and j?
6
Let n(k) = -20*k + 22. Let b be n(0). Calculate the highest common factor of 1320 and b.
22
Suppose -2*b + 19 = -49. Calculate the highest common divisor of b and 204.
34
Let d = 43 - 3. Suppose 43*x - 36 = d*x. Calculate the greatest common factor of x and 3.
3
Suppose d + 6 = 39. Calculate the highest common divisor of 132 and d.
33
Let w = 1032 + -996. Calculate the highest common factor of 1188 and w.
36
Suppose -f + 6 = -4*h, -4*f + 35 - 11 = -4*h. Suppose 5*r = -a + 119, 3*r - 5*a - 52 - 25 = 0. What is the highest common divisor of r and f?
6
Suppose 5*o - 85 = -5*p, p + 3*p = 3*o + 82. Suppose -5*f - p = 2*x, 15 = -f - 2*f. What is the highest common divisor of x and 2?
1
Suppose o - m - 81 = -2*o, -3*m - 9 = 0. Let q = 668 + -146. Suppose 0 = -2*z - 5*w + 265, -2*w = z + 3*z - q. Calculate the highest common divisor of z and o.
26
Let w be ((-72)/(-40))/(6/40 + 0). Let r be 1245/20 - (-9)/w. What is the highest common divisor of 9 and r?
9
Suppose -j + 0*h + 8 = h, -4*h = -8. Suppose 5*x + 2*p = j, 0 = 4*x + p - 10 + 4. Calculate the greatest common factor of 2 and x.
2
Let k(b) = 22*b**2 - 9*b + 2. Let j be k(1). Calculate the greatest common factor of 15 and j.
15
Let s = 1504 - 1369. What is the greatest common divisor of 30 and s?
15
Let y be 1/(-1 - 16/(-14)). Let o(i) = -i**2 + 32*i - 191. Let n be o(24). Calculate the greatest common divisor of y and n.
1
Let p be (-5 - (-138)/30) + 24/10. Suppose 0 = 5*t - p - 3. What is the highest common factor of 7 and t?
1
Suppose -8*g + 133 + 43 = 0. Suppose 0 = 5*t - g - 93. What is the greatest common divisor of t and 161?
23
Let d(w) = -2*w. Let k be d(-1). Let a be 453/k + (-6)/4. Suppose 5*i = 5*u - 100, 0 = u - 14*i + 16*i - 35. What is the highest common divisor of a and u?
25
Suppose 0 = -29*q + 20*q + 18. Let d = 27 - 0. Let n = -17 + d. Calculate the greatest common factor of q and n.
2
Let v(b) = -3*b + 9. Let p be v(-1). What is the greatest common divisor of p and 276?
12
Let l = -7 + 8. Suppose -3*g + 0 = -j + l, j + g = 21. Calculate the greatest common divisor of 40 and j.
8
Suppose -20569 = -56*a + 263. What is the highest common factor of a and 48?
12
Let f(o) = 90*o**3 + o**2 - 2*o + 1. Let l be f(1). Let k = -431 + 467. What is the greatest common divisor of l and k?
18
Let v(w) = -11*w - 256. Let n be v(-28). Calculate the greatest common factor of 3172 and n.
52
Let q = -1473 + 1614. What is the greatest common factor of q and 9?
3
Suppose -9*z - 10320 = -29*z. Calculate the highest common factor of 24 and z.
12
Suppose 42 - 2 = -5*u. Let h = -10 - u. Let p be (h/(-3))/((-6)/(-27)). What is the greatest common divisor of p and 2?
1
Let n = 29 + -18. Suppose p = 2 - n. Let d = p - -10. What is the highest common divisor of 1 and d?
1
Suppose -15 = 2*g + g, -n - 4*g = 16. Suppose -1382 = -n*b + 202. Let o be (-24 - -23)/(-2 + (-142)/(-72)). Calculate the greatest common factor of o and b.
36
Let l = 2193 + -2106. What is the greatest common factor of 87 and l?
87
Let i be (-1 - (-15)/(-3))/((-14)/126). What is the highest common divisor of 594 and i?
54
Suppose 27*o - 5712 = 10*o. What is the greatest common divisor of o and 64?
16
Suppose 179 = 2*o + y, -1 = 3*y - 4. Let h = o + -67. What is the highest common diviso